 of u?
3
Let k = 29980 + -4016. What is the units digit of k?
4
Let i(g) = -5*g + 31. Let m be i(7). Let v be m/1 - (-105 - 39). Suppose 2633 = 9*n + v. What is the hundreds digit of n?
2
Suppose 3*a = -z + 2*a + 2, -4*a = -4*z - 8. Suppose -4*i = -z - 8. Let f(s) = 28*s + 8. What is the units digit of f(i)?
4
What is the tens digit of ((-315328)/48 + 8)*(-6)/4?
4
Suppose 0 = -q - 0*b + 4*b - 14, -5*b = -5*q - 10. Let o(d) = -54*d. Let s be o(q). Let i = -82 - s. What is the tens digit of i?
2
Let l(i) = -2*i - 32. Let o be l(-12). Let p be 34/(9/63*(-7)/o). Let k = 554 - p. What is the hundreds digit of k?
2
Let u(k) = 718*k + 2395. What is the tens digit of u(21)?
7
Let w = -9548 + 20705. What is the hundreds digit of w?
1
Let n = -42 - -4322. What is the hundreds digit of (n/(-30))/((-12)/18)?
2
Let x(p) = -p**2 - 2*p + 28. Let h be x(4). Suppose -h*n + 302 = -278. What is the tens digit of n?
4
Suppose -8*g + 1370 = -6*g. Let m = g - -1169. What is the hundreds digit of m?
8
Let l(m) = 6 - m**3 + 11*m**2 + 3 - 25 + 9 - 15*m + 4. What is the tens digit of l(8)?
6
Suppose -9*h + 6811 + 47 = 0. Suppose -4*m + h = -1278. What is the units digit of m?
0
Let l(p) = 16*p - 75. Let n be l(5). Suppose -4*i + 948 = 2*y - 110, 1312 = n*i - y. What is the tens digit of i?
6
Suppose 15*p - 17*p - 6 = 0, 0 = 2*f - p - 1759. What is the hundreds digit of f?
8
Let v(z) = 1505*z. Suppose 4*m + 16 = 0, -5*a + 5*m = -2*a - 149. Let t(u) = -177*u. Let k(g) = a*t(g) + 5*v(g). What is the units digit of k(-1)?
6
Suppose -428*p + 4682979 = -95*p. What is the tens digit of p?
6
Let a(z) = -2*z - 8. Let n be a(-5). Let t = n - -11. Let q(c) = -c**3 + 13*c**2 + 5*c - 26. What is the units digit of q(t)?
9
Suppose -7313 = -z + 12099. What is the units digit of z?
2
Let v be (-2)/(-9) + (-988)/(-9). Suppose -3*b - 38 = 2*x - 295, -2*b - 4*x + 174 = 0. Let z = v - b. What is the units digit of z?
5
Let t(w) = 401*w - 105. Let q(z) = z**2 + 15*z + 59. Let a be q(-8). What is the hundreds digit of t(a)?
0
Let o(p) = p**2 + 23*p. Let l be o(-23). Suppose 35 = -l*m + 7*m. Suppose -m*s + 4*v + v = -210, -5*s = -2*v - 222. What is the tens digit of s?
4
Let c = -78496 + 129445. What is the hundreds digit of c?
9
Let m = -55 - -46. Let j(f) = -49*f + 18. Let b be j(m). Suppose 4*a - 13*a = -b. What is the tens digit of a?
5
Suppose 2*n = 4, -4*c + 14562 = -19*n + 24*n. What is the tens digit of c?
3
Suppose 4*z - 3412 = 5*k - 107451, -9*z = 2*k - 41605. What is the tens digit of k?
0
Let r be -3452 - (7 - (-12)/(-3)). Let w = -1680 - r. What is the units digit of w?
5
Let j = 3868 + 1688. What is the thousands digit of j?
5
Let p(j) = 51*j**2 + 68*j - 108. What is the tens digit of p(-5)?
2
Let t(m) = -19*m + 3. Let k be t(-24). Let d = -95 + k. What is the tens digit of d?
6
Let i(v) = -1358*v - 3632. What is the units digit of i(-10)?
8
Let v be 9 + ((-19)/228 - (-1)/12). What is the tens digit of v/(45/65)*7?
9
What is the thousands digit of ((-105)/6)/(1*9/(-1062))?
2
Suppose 4*x - x - 201 = -3*z, 0 = -x - 5*z + 87. Suppose 0 = 2*m - 3*m + 5. Suppose x = 2*c - w, m*w + 161 = 5*c + w. What is the tens digit of c?
2
Let p(w) = 15*w**3 - 14*w**2 - 13*w + 95. What is the units digit of p(8)?
5
Let j(x) = -x - 29. Let l be j(-32). What is the tens digit of 526 - (-16)/24*l/2?
2
Let n be 2/(-8) - 13780/(-16). Let y = -402 + n. What is the units digit of y?
9
Let g = -1533 + 2166. Suppose 2*h + 34 + 22 = 3*j, -8 = -4*j. What is the tens digit of 15/h - (-1)/5*g?
2
Suppose 2*z + 0*f = -5*f + 196, -2*z - f = -212. Suppose -5*h = -g + 3*g - 84, 2*g - h - z = 0. What is the tens digit of g?
5
Suppose 4*y - 9969 - 17767 = 0. What is the units digit of y?
4
Let v = -55937 - -79886. What is the units digit of v?
9
Let n = 53 + -45. Suppose -n*j - 7*j = -6330. What is the hundreds digit of j?
4
Let n(c) = -14*c + 8. Let u be n(-25). Suppose -u = -5*r - 4*b + 352, -5*r = -2*b - 740. What is the hundreds digit of r?
1
Let l(c) = -30*c + 18. Let q be l(-3). What is the units digit of (7/(-1))/((-6)/q)?
6
Suppose -1610*k + 1040634 = -1568*k. What is the thousands digit of k?
4
Suppose -95936 = 340*l - 356*l. What is the units digit of l?
6
Suppose 0 = -63*u + 20*u + 168990. Suppose -5*y + 4*g + u = -1062, 3*y + 2*g = 3004. What is the units digit of y?
0
Suppose 3*d + 4313 = 20033. Let z = d + -3598. What is the hundreds digit of z?
6
What is the units digit of ((-4226)/(-3))/(204/612)?
6
What is the ten thousands digit of (-16)/(-296)*-1 - (-6836841)/333?
2
Let h(f) = 2*f**2 - 5*f - 1. Let o be h(3). Suppose 0*v + o*v = 28. Suppose -5*t - 3*q + 55 = 0, 0 = -t + 4*t - 2*q - v. What is the units digit of t?
8
Let h be (30/7)/((-4)/(-56)). Suppose h = 3*o + 3*o. What is the hundreds digit of 1472/o + (-9)/45?
1
Suppose 11*t - 23*t = -28620. Let k = -1698 + t. What is the units digit of k?
7
Let v = -3106 + 5590. What is the thousands digit of v?
2
Let u(w) = -w**2 - 70*w - 58. Let o be u(-30). Let p = o - 790. What is the tens digit of p?
5
Let o = 900 + -895. Suppose -25*x + 20*x = 4*i - 4601, 4593 = o*x + 2*i. What is the hundreds digit of x?
9
Let c(t) = 8*t - 17. Let q(z) = -12*z - 5 - 13 + 11*z + 4. Let n be q(-25). What is the units digit of c(n)?
1
Suppose 0 = -2*d - 5*m + 158 - 1729, 4*d + 3*m + 3107 = 0. Let a = 1963 + d. What is the thousands digit of a?
1
Let f(i) = -269*i + 25. What is the tens digit of f(-20)?
0
What is the hundreds digit of (-10658)/(-44)*30 + 18*(-8)/(-792)?
2
Suppose -2*j + 2975 = 2*f - 11697, 0 = 3*f - j - 22024. What is the units digit of f?
0
Let x(y) = 29*y**3 - 5*y**2 + 5*y - 27. Suppose 6 = 2*w - p, 0 = -6*p + 7*p - 2. What is the hundreds digit of x(w)?
7
Suppose -3*g + 15 = 2*t, 0 = -5*t + 3*g + 92 - 23. Suppose -272 = t*w - 800. What is the tens digit of w?
4
Let s(n) = 5*n**2 + 9*n + 4. Let d be s(-7). Suppose -5*j - 4*t = 194 + d, 0 = -4*j + 3*t - 273. What is the units digit of j/(-14)*(96/9 + -6)?
4
Suppose -78*r = -84*r - 18. Let g(z) = -251*z - 3. What is the tens digit of g(r)?
5
What is the units digit of (-393)/(-5895) + (-416908)/(-30)?
7
Let y = 408 + -201. Suppose -5*b - y = -442. What is the tens digit of b?
4
Suppose 449 = -3*k + 12*j - 7*j, -5*j = 2*k + 341. Let t = 405 - k. What is the hundreds digit of t?
5
Let g = -34 + 34. Let q(f) = -14*f**3 - f**2 + 4 - 3*f + g*f**2 + 25*f**3. What is the tens digit of q(2)?
8
Suppose -12 = 3*i, 3*d = 4*i + 41021 + 88442. What is the tens digit of d?
4
Let c be 18 + 56/24 + (-1)/3. Suppose -c*h + 12 = -16*h. Suppose -4*l - 4*u - 57 = -421, h*u + 399 = 4*l. What is the tens digit of l?
9
What is the hundreds digit of (-26926)/(-3) - 24*(-7)/63?
9
Let l(i) = 111*i - 6. Let o be l(8). Suppose -64*v - o = -71*v. What is the tens digit of v?
2
Suppose 6 = 10*w - 11*w, p = 3*w + 3250. What is the units digit of p?
2
Let p be (54/(-45))/((-6)/1780). Suppose 14 - p = 9*a. Let l = 22 - a. What is the units digit of l?
0
Let a = 392 + -386. What is the hundreds digit of -1*a/24 + 3801/4?
9
Suppose 7181*c - 7208*c + 1196559 = 0. What is the tens digit of c?
1
Suppose 0 = -14*j + 122090 - 16278. What is the thousands digit of j?
7
Let j(k) = -10*k**2 + 18*k + 1. Let g be j(2). What is the units digit of (-79)/g + (-228)/171?
5
Let a(r) = r + 2*r**2 + r**2 - r**2 - r**2 - 4. Let f be a(-3). What is the units digit of (f/4)/((-5)/(-180))?
8
What is the thousands digit of 2/5 - (5645136/(-35))/16?
0
Let c(a) = a**3 - 2*a**2 - 10*a + 22. Let w be c(5). Let b = 43 - w. What is the tens digit of 116 + (b - (-5)/((-15)/(-9)))?
1
Suppose -4*a + q = -18343, 779*a = 783*a - 4*q - 18328. What is the tens digit of a?
8
Suppose -40*w + 56 = -36*w. Let g(s) = -10*s**3 - 2*s**2 + 1. Let b be g(-1). Suppose -w*m + b*m + 180 = 0. What is the units digit of m?
6
Let n = 62 + -61. What is the units digit of (-615)/6*(1 + n + -4)?
5
Suppose 7*q + 9070 - 21105 = 41760. What is the units digit of q?
5
Let f = -6630 + 13724. What is the tens digit of f?
9
Let t = -26 - -31. Suppose -f + 2 = -2. Suppose t*c - 332 = f*d, c - 66 = -2*d + 3*d. What is the tens digit of c?
6
Let m = 52709 + -32059. What is the hundreds digit of m?
6
Suppose 0 = 2*c - 5*m - 341 + 128, 0 = -4*c + m + 453. Let x = 13316 + -13311. Suppose -b + 0*b - 2